is the remainder when 2467473 is divided by 1233704?
65
Calculate the remainder when 434207 is divided by 1467.
1442
What is the remainder when 16508294 is divided by 1834242?
116
What is the remainder when 2643856 is divided by 909?
484
Calculate the remainder when 4916962 is divided by 13.
11
What is the remainder when 5675 is divided by 3364?
2311
What is the remainder when 997124 is divided by 603?
365
Calculate the remainder when 1958876 is divided by 52942.
22
What is the remainder when 1142179 is divided by 2613?
298
What is the remainder when 54664694 is divided by 321?
320
Calculate the remainder when 119733591 is divided by 722.
721
Calculate the remainder when 13022349 is divided by 579.
60
What is the remainder when 500590 is divided by 499837?
753
Calculate the remainder when 2460945 is divided by 40343.
22
What is the remainder when 477847 is divided by 4846?
2939
What is the remainder when 778604 is divided by 388095?
2414
What is the remainder when 84718 is divided by 356?
346
What is the remainder when 227770 is divided by 45468?
430
What is the remainder when 1533385 is divided by 89?
4
What is the remainder when 58238952 is divided by 62?
58
Calculate the remainder when 3501263 is divided by 1943.
1920
Calculate the remainder when 398604 is divided by 132868.
0
What is the remainder when 68761386 is divided by 387?
0
What is the remainder when 10339727 is divided by 1148851?
68
What is the remainder when 1744162 is divided by 5467?
189
Calculate the remainder when 534624 is divided by 44537.
180
What is the remainder when 51165808 is divided by 7309391?
71
What is the remainder when 297091 is divided by 42439?
18
Calculate the remainder when 3661177 is divided by 316.
1
What is the remainder when 66230341 is divided by 1605?
16
Calculate the remainder when 11790577 is divided by 1306.
9
What is the remainder when 533955 is divided by 8620?
8135
What is the remainder when 1421555 is divided by 69?
17
What is the remainder when 1895187 is divided by 1299?
1245
What is the remainder when 5560379 is divided by 16?
11
What is the remainder when 491867 is divided by 28?
19
Calculate the remainder when 14283583 is divided by 106.
83
What is the remainder when 50493361 is divided by 9461?
4
Calculate the remainder when 3592653 is divided by 7743.
7644
What is the remainder when 130487 is divided by 26?
19
What is the remainder when 74507 is divided by 35?
27
What is the remainder when 62481 is divided by 61416?
1065
Calculate the remainder when 1732971 is divided by 411.
195
What is the remainder when 6567221 is divided by 303?
302
Calculate the remainder when 385011871 is divided by 128337277.
40
Calculate the remainder when 305937 is divided by 26.
21
Calculate the remainder when 20750565 is divided by 62.
33
Calculate the remainder when 3191599 is divided by 24536.
1919
Calculate the remainder when 236693 is divided by 78895.
8
Calculate the remainder when 6509691 is divided by 1084946.
15
What is the remainder when 4888506 is divided by 3?
0
Calculate the remainder when 39084381 is divided by 1532.
1529
What is the remainder when 295735967 is divided by 3663?
3662
What is the remainder when 510097 is divided by 510092?
5
Calculate the remainder when 94076 is divided by 13428.
80
Calculate the remainder when 22312235 is divided by 201011.
14
What is the remainder when 119722 is divided by 59690?
342
What is the remainder when 4471632 is divided by 190?
172
Calculate the remainder when 1988296 is divided by 662755.
31
What is the remainder when 789998 is divided by 16877?
13656
Calculate the remainder when 41935469 is divided by 253.
213
Calculate the remainder when 523260 is divided by 102.
0
Calculate the remainder when 2009164 is divided by 39395.
19
Calculate the remainder when 2731046 is divided by 105.
101
What is the remainder when 21193 is divided by 16414?
4779
Calculate the remainder when 29359425 is divided by 14.
11
What is the remainder when 8085711 is divided by 598?
153
What is the remainder when 52570270 is divided by 8761705?
40
Calculate the remainder when 10642321 is divided by 1526.
1523
What is the remainder when 750437 is divided by 13400?
37
What is the remainder when 1132687 is divided by 94385?
67
What is the remainder when 72448902 is divided by 1484?
22
Calculate the remainder when 4770474 is divided by 9.
6
Calculate the remainder when 2442629 is divided by 1077.
1070
Calculate the remainder when 68469 is divided by 240.
69
Calculate the remainder when 2097652 is divided by 5624.
5524
Calculate the remainder when 302451 is divided by 8.
3
Calculate the remainder when 243150222 is divided by 445.
442
What is the remainder when 33531 is divided by 988?
927
What is the remainder when 26629270 is divided by 13314633?
4
What is the remainder when 227643 is divided by 32491?
206
What is the remainder when 33905 is divided by 1308?
1205
What is the remainder when 307991 is divided by 3023?
2668
Calculate the remainder when 453138 is divided by 2516.
258
Calculate the remainder when 168666 is divided by 2008.
2002
Calculate the remainder when 227022 is divided by 773.
533
Calculate the remainder when 3287013 is divided by 6574.
13
What is the remainder when 434500 is divided by 12067?
88
Calculate the remainder when 138189 is divided by 4315.
109
Calculate the remainder when 2138138 is divided by 36.
26
What is the remainder when 2000469 is divided by 884?
861
What is the remainder when 116821 is divided by 116088?
733
Calculate the remainder when 19232343 is divided by 5685.
5673
Calculate the remainder when 34991722 is divided by 30.
22
What is the remainder when 335912 is divided by 83791?
748
What is the remainder when 9382958 is divided by 152?
150
Calculate the remainder when 7032277 is divided by 2344047.
136
What is the remainder when 147284 is divided by 50?
34
What is the remainder when 1312005 is divided by 9305?
0
What is the remainder when 47802130 is divided by 12?
10
What is the remainder when 1061497 is divided by 26537?
17
Calculate the remainder when 39152 is divided by 36566.
2586
Calculate the remainder when 4245062 is divided by 188.
22
Calculate the remainder when 16013576 is divided by 1143824.
40
Calculate the remainder when 75461 is divided by 2675.
561
Calculate the remainder when 29287330 is divided by 2349.
2347
What is the remainder when 468151 is divided by 17964?
1087
Calculate the remainder when 18644 is divided by 6299.
6046
Calculate the remainder when 262543 is divided by 536.
439
What is the remainder when 952881 is divided by 59545?
161
What is the remainder when 7451838 is divided by 197?
116
Calculate the remainder when 432722 is divided by 7206.
362
Calculate the remainder when 874800 is divided by 125.
50
What is the remainder when 358509 is divided by 86885?
10969
Calculate the remainder when 60818 is divided by 12095.
343
What is the remainder when 762071 is divided by 737?
13
What is the remainder when 51111621 is divided by 2922?
2919
What is the remainder when 2288840 is divided by 46?
18
Calculate the remainder when 22981096 is divided by 1329.
28
Calculate the remainder when 5973021 is divided by 1990999.
24
Calculate the remainder when 58139843 is divided by 488570.
13
What is the remainder when 3657111 is divided by 56262?
81
What is the remainder when 7117899 is divided by 621?
618
Calculate the remainder when 129308 is divided by 25859.
13
Calculate the remainder when 56193 is divided by 1413.
1086
Calculate the remainder when 266915 is divided by 53015.
1840
Calculate the remainder when 13638734 is divided by 707.
704
Calculate the remainder when 85700161 is divided by 19.
15
What is the remainder when 788007 is divided by 3698?
333
Calculate the remainder when 107407 is divided by 35767.
106
Calculate the remainder when 447394 is divided by 654.
58
Calculate the remainder when 1036125 is divided by 172686.
9
What is the remainder when 13371406 is divided by 18143?
15
Calculate the remainder when 191023 is divided by 190575.
448
Calculate the remainder when 445139 is divided by 13060.
1099
What is the remainder when 1649042 is divided by 23877?
1529
Calculate the remainder when 2544808 is divided by 2064.
1960
What is the remainder when 22949 is divided 